 -3*s - f = -61. What is the highest common divisor of s and r?
10
Suppose -2*z - 2*t = -7*z + 556, 0 = -5*t + 10. Let q be (-6)/6*(2 + 1). Let r be (-345)/(-25) + q/(-15). Calculate the greatest common factor of r and z.
14
Let q = -1233 + 1747. Suppose 0 = 4*s - q - 322. Calculate the highest common divisor of s and 19.
19
Let r = -80 + 39. Let a = r + 71. What is the highest common factor of 5 and a?
5
Let x = -5 + 15. Suppose -15 = 9*r - x*r. Calculate the greatest common factor of r and 30.
15
Suppose 3*z - p = -0*z + 17, -z = 5*p - 11. Let i(u) = -u**3 - 3*u**2 + 5*u + 5. Let q = 1 - 6. Let k be i(q). What is the highest common divisor of k and z?
6
Let j be ((-2)/(-4))/(1/2). Let t be 22/33*(3*9)/j. What is the greatest common divisor of t and 9?
9
Let q = 820 + -778. Calculate the greatest common factor of 12 and q.
6
Let o = -726 + 825. Let y(t) be the first derivative of -3*t**4 - 2*t**3/3 + t - 2. Let d be y(-1). What is the highest common divisor of d and o?
11
Let u = 538 + -450. Calculate the greatest common divisor of 11 and u.
11
Suppose 4*i - 2*v = 6, -3*i = 5*v - 5 - 32. Let w = -3 + i. Let g be (-102)/((0 - 3) + w). Calculate the greatest common factor of g and 17.
17
Let y = -1855 - -1881. Calculate the greatest common divisor of y and 2626.
26
Let w be 2 + (-72)/42 - 502/(-7). Calculate the greatest common divisor of w and 8.
8
Suppose 3*w - 480 = -w. Let o be (3/9 + -1)*-54. Let z be (((-40)/(-15))/(-4))/((-1)/o). What is the greatest common divisor of z and w?
24
Suppose -b + 68 = -44. What is the highest common factor of 16 and b?
16
Let p be (1 - -19) + 3 + -2. Let m(t) = 1 - 9 - 2 - 8 + 17*t. Let h be m(6). What is the greatest common divisor of h and p?
21
Let x be 46 + 0 + (-3 + -2 - -4). Let w = 89 - x. Let r = -163 - -273. What is the greatest common factor of r and w?
22
Let x = -92 - -96. Suppose 3*o - 273 = -3*c, 18 = -c + x*o + 104. What is the highest common divisor of c and 36?
18
Suppose -3*j - x + 35 = 0, -3*j + 3*x = -0*x - 39. What is the greatest common factor of j and 63?
3
Let m = 1194 + -1041. Calculate the greatest common factor of m and 45.
9
Let v(a) = 3*a - 5. Let x be v(7). Let y be ((-1344)/(-147))/(2/14). Calculate the highest common divisor of y and x.
16
Suppose 2*m - 6*m + 20 = 0. Suppose -m*f + 7 + 13 = 0. Let v = 23 - 17. What is the greatest common divisor of v and f?
2
Suppose -3*x - 3*q = -132, 4*q - 94 = -2*x - q. What is the highest common divisor of 63 and x?
21
Let l = -890 + 896. Let o be 2*(-6)/(-4)*1. What is the greatest common factor of l and o?
3
Let r = -1221 - -1252. What is the highest common factor of 1147 and r?
31
Suppose -3 - 1 = -2*s. Suppose -4 = -s*u - 0*u. Let d be (1/u)/(5/200). What is the greatest common divisor of 220 and d?
20
Let u be 2 + (0 - 2) + 9. Suppose 0 = r + 4*r - 4*d - 29, -4*d = -16. What is the greatest common factor of u and r?
9
Let z = 80 - 44. Let s be (4508/50)/2 - (39 + (-44758)/1150). Calculate the highest common factor of s and z.
9
Let p = -801 - -1668. What is the highest common divisor of 204 and p?
51
Let h = -385 + 547. Calculate the highest common divisor of 36 and h.
18
Let g be ((-8)/20)/(2*3/(-150)). Let u = 10 + g. Calculate the highest common factor of u and 4.
4
Let l = -600 - -675. Calculate the highest common factor of l and 9.
3
Let h(f) = -f**2 - 13*f + 9. Let b = -55 + 43. Let k be h(b). Calculate the highest common factor of 35 and k.
7
Suppose -h - 3*m = 11, 2*m - 13 = -5*h + 4*m. Let u = -13 - -18. Calculate the highest common factor of h and u.
1
Let q = 48 - 47. Let t = 34 - q. What is the highest common factor of 66 and t?
33
Suppose -90 = -5*b + 3*g, -2*b - 13*g = -11*g - 36. What is the greatest common divisor of 450 and b?
18
Let n be 12/27 + 63184/396. What is the highest common divisor of 240 and n?
80
Suppose 2*z = a + 155, 4*a = 3*z + 1 - 246. Let j = -5 + -10. Let v be j*(-2 + 0 + 0). Calculate the highest common factor of z and v.
15
Suppose -4*a - a = w - 438, -2*w = 4*a - 348. Suppose c - 42 = -5*j - c, -25 = -3*j - c. What is the greatest common divisor of a and j?
8
Suppose -3*j - 5*z + 502 = -848, -j + 2*z + 450 = 0. Calculate the greatest common divisor of j and 100.
50
Let a be ((-6)/(-4))/((-3)/(-6)). Suppose z - 3*w = 2*w - 3, 0 = a*z - 5*w - 1. Let u be z - (-3 + 3) - -10. What is the highest common factor of 24 and u?
12
Let q be 41232/(-264) + (-4)/(-22). Let s = q + 172. Calculate the highest common factor of s and 112.
16
Let g(u) = -2*u + 1. Suppose 4*l - l - 24 = 0. Let x be g(l). Let c = -10 - x. Calculate the greatest common divisor of c and 40.
5
Let s(t) = 14*t**3 - 7*t**2 - 3. Let l be s(3). Calculate the highest common factor of l and 24.
24
Let d be ((-6)/(-5))/((-48)/(-160)). Suppose -v + 87 = d*l, -2*v + 0*l + 174 = l. Calculate the greatest common divisor of 58 and v.
29
Suppose 4*r = -4*h + 32, 0*r = 5*h + 2*r - 25. Suppose h*k = -10 - 62. Let a be (k/10)/(3/(-90)). What is the greatest common factor of a and 12?
12
Let t(n) = -25*n**2 + 2*n - 2. Let j be t(1). Let f = -13 - j. Calculate the greatest common factor of 108 and f.
12
Suppose 26*k + 22*k = 1488. Calculate the highest common factor of k and 1457.
31
Let r be (3 - -15)*(-3)/(-9). Suppose -3 = -r*h - 9. Let w be 0 + h + (14 - 1). What is the highest common divisor of w and 132?
12
Let x = -7 + 1. Let y = x - -10. Suppose -4*i + y = -8. What is the highest common factor of i and 15?
3
Suppose 0 = 4*q - q - 30. Suppose -5*z - 2*a + 3*a + 352 = 0, 2*z - 134 = -3*a. What is the highest common factor of q and z?
10
Let h(u) = 3*u + 45. Let g be h(-14). Suppose 2*c - g*v - 63 = -8*v, -60 = -2*c - 2*v. What is the highest common factor of 232 and c?
29
Let d be (-2 - 25)/(1 + 1 + -1). Let z(v) = v**2 + 22*v - 7. Let i be z(d). What is the greatest common divisor of 16 and i?
16
Let b = -1928 - -2028. What is the greatest common factor of b and 12?
4
Let l be (-6016)/(-20) - ((-56)/(-20) - 2). What is the highest common factor of 24 and l?
12
Let u = -4 + 7. Suppose 5*r = -275 - 770. Let a be (-167)/(-11) - (-38)/r. What is the greatest common divisor of a and u?
3
Suppose y - s = 4*s + 18, -3*y = -s - 26. Suppose 4*w - 2*w = t - 12, 3*t - 3*w - 51 = 0. Let k = -14 + t. What is the highest common divisor of k and y?
8
Suppose 3*k + 5*p - 40 = 0, 5*k - 5*p - 20 - 20 = 0. Let h(r) = r**2 - 6*r + 1. Let f be h(8). Let m = -12 + f. What is the highest common factor of k and m?
5
Suppose -j + 5*w + 40 = 0, -2*j + 22*w - 27*w + 5 = 0. Calculate the greatest common factor of 555 and j.
15
Suppose 2*b - 6*b + 8 = 0. Suppose -315 = -4*y - 5*m, -4*m = -b*y + m + 165. Suppose 0 = -u + 15 + 5. What is the highest common divisor of y and u?
20
Suppose x + 4*j - 46 = 0, 0 = -3*x + 2*x - 3*j + 41. Suppose 2*s + 8 = -x. Let n = s + 28. What is the greatest common divisor of 11 and n?
11
Let y(n) = -n. Let w be y(-5). Suppose w*v = 22 + 3. Suppose -8*p = -v*p - 42. What is the highest common divisor of 7 and p?
7
Suppose 3*z + 2*g = 253, 0*g - 426 = -5*z + g. Calculate the greatest common divisor of 119 and z.
17
Let b(s) = -s**2 - 4*s - 2. Let r be b(-3). Suppose -3*o + 0*o = -3*v + 30, -v = -2*o - 8. Let d = r + v. Calculate the greatest common factor of 117 and d.
13
Let u be (-9)/(-132)*-20*-33. Let x be (23/5 + -1)*5. What is the highest common divisor of x and u?
9
Suppose -5*w - 29 + 19 = 0. Let k(i) = -2*i**3 - 2*i**2. Let t be k(w). Calculate the highest common divisor of 16 and t.
8
Let z be ((-15)/6)/(5/(-10)). Suppose z*h = -h + 180. Calculate the greatest common divisor of h and 12.
6
Suppose 57*k + 144 = 61*k. What is the highest common divisor of k and 204?
12
Let y = 256 + -179. Suppose 158*l - 151*l = y. Let g = 98 + -54. What is the highest common divisor of g and l?
11
Suppose 7*b - 2*b + 5*n - 6550 = 0, b + 5*n = 1314. Calculate the greatest common factor of 77 and b.
77
Suppose g + 6 = 3*q, -5*g + 3 = 5*q - 27. Let u = q - -42. Calculate the greatest common divisor of u and 15.
15
Suppose -10*h + 572 = 272. Calculate the highest common divisor of 3270 and h.
30
Let g(i) = 4*i - 8. Let x be g(3). Suppose 52 = 4*r - x*c, -53 = -5*r - 5*c + 7*c. Calculate the greatest common divisor of r and 36.
9
Suppose v + 193 = -2*g - 0